e first derivative of -a**3/3 + a**2/2 + 2*a + 148. Let w(c) = -c**3 + 4*c**2 - 4. Let k be w(4). Determine v(k).
-18
Let q(j) be the first derivative of -7/3*j**3 - 1/4*j**4 - 39 - 4*j - 4*j**2. What is q(-6)?
8
Suppose -4*m = 2*a, m = -0*a + 5*a + 33. Let q be 17 + -14 + a/(-2). Let n(i) = i + 3. What is n(q)?
9
Suppose -3*r - 17*r - 120 = 0. Let g(f) = f - 1. Let l(s) = -4*s + 4. Let o(i) = -7*g(i) - 2*l(i). Determine o(r).
-7
Suppose 12 + 20 = 4*g - 4*y, -g = -2*y - 6. Suppose 4*i + 30 - 10 = -2*d, g = 3*d - 4*i. Let j(u) = 2*u**2 + 4*u + 3. Calculate j(d).
3
Let y = -22 - -41. Suppose 0 = -6*b - y - 11. Let h(o) = -o**3 - 4*o**2 + 5*o. What is h(b)?
0
Suppose 3*a = 7 + 14. Let z(k) = -2*k - k - a + 0*k + 4*k. Suppose 0 = -d - 2*d + 15. What is z(d)?
-2
Let y(q) be the first derivative of -8*q + 1/2*q**2 - 7. Determine y(7).
-1
Let y be 4/26 + 441/91. Let t(m) = -m - 7. Calculate t(y).
-12
Let g(c) = 4*c**3 - c**2. Let m be g(-1). Let o(k) = k**3 - k**2 - 3. Let z(p) = 3*p**3 + 4*p**2 + 3*p - 12. Let d(x) = -2*o(x) + z(x). Give d(m).
4
Let o(j) = j**3 + 16*j + 14*j - 44*j + 2 + 10*j + 5*j**2. Determine o(-5).
22
Let m(u) = 7*u**2 - 6*u - u**2 + u**3 - 2*u**2 + 2. Let z(d) = -2*d - 6. Let c be z(-5). Let p(l) = -l**3 + 3*l**2 + 4*l - 5. Let h be p(c). Determine m(h).
7
Let n = 527 + -519. Let v(m) = m**2 - 6*m - 11. Calculate v(n).
5
Let y(u) be the third derivative of -u**4/6 + 8*u**3/3 + 689*u**2. Determine y(9).
-20
Let u(r) = -r**2 + r. Let x be ((-4)/(-3) + -2)*15. Let k = x - -11. Suppose 0 = 3*m - k - 11. Calculate u(m).
-12
Let c(a) = a**3 - 15*a + 22. Let m(f) = f**3 - f**2 - 15*f + 24. Let g(o) = 7*c(o) - 6*m(o). What is g(-8)?
2
Let u(j) be the third derivative of -j**6/720 - 3*j**5/40 - 17*j**4/24 + 5*j**2. Let o(k) be the second derivative of u(k). What is o(0)?
-9
Let i(x) = -x**2 - 7*x - 3. Suppose 2*w - 8 = 0, 4*c + 2*w + 73 = c. Let m be ((-2)/(-1))/((-2)/(-8)). Let z be m*(c/(-12))/(-3). Calculate i(z).
3
Let h(y) = -y**2 - 15*y - 8. Let w be 5 - (0 + 27 - 11). Give h(w).
36
Let w(c) = c - 15. Let a be w(20). Let i = a - 0. Suppose i*d - 1 = 14. Let q(f) = f. What is q(d)?
3
Let i(j) = j**3 + 5*j**2 + 3*j + 3. Let l be i(-2). Suppose -21 - l = 2*v. Let g = -12 - v. Let r(k) = -k**2 + k + 3. Determine r(g).
-3
Let x(c) = c**3 + 5*c**2 - c + 3. Let f be x(-5). Let m(z) = -z**3 + 8*z**2 + z - 6. Let g be m(f). Let p(t) = t - 4. Determine p(g).
-2
Let z(r) = r**2 + 2*r + 1. Let w(k) = k**3 - 21*k**2 + 20*k - 2. Let l be w(20). Let j = 1 + l. Give z(j).
0
Let u(h) be the first derivative of h - 1/3*h**3 + 1/2*h**2 - 6. Determine u(-1).
-1
Let s(f) be the third derivative of f**9/60480 - f**8/4032 + f**6/360 - 11*f**5/30 - 17*f**2. Let b(y) be the third derivative of s(y). Calculate b(5).
2
Let s(a) be the third derivative of -a**6/120 + a**5/20 + a**4/8 + 5*a**3/6 + a**2 - 28. Give s(4).
1
Let z(y) = 4528 - 3*y**2 - 2*y**2 + 21*y**3 - 4529 + 6*y**2. What is z(1)?
21
Suppose 0 = -5*l + 3*d, 4*l - 37 = 2*d - 7*d. Let q(s) = 0*s**2 + 1 + 6*s**2 + 2*s**2 + 8*s + s**l. Determine q(-7).
-6
Let m be 8 + -6 + (-1 + 6)*1. Let x(q) = -3 + 5 - q + 1. Determine x(m).
-4
Let y(f) = f**2 - 16*f + 21. Let h(a) = a**2 + 5*a - 89. Let p be h(-13). What is y(p)?
6
Let i(o) be the third derivative of o**6/120 + o**5/20 + o**4/6 + o**3/3 + 42*o**2 - 1. Calculate i(-3).
-10
Let n(t) = t + 1. Suppose 3*v + 0 = -6. Let h be v/2*(-3)/3 - -3. Give n(h).
5
Let m(a) = -46*a**2 - 4*a - 8. Let r(k) = 55*k**2 + 5*k + 9. Let v(l) = 6*m(l) + 5*r(l). What is v(0)?
-3
Suppose -30 = -314*j + 317*j. Let l(d) = -2*d**2 - 23*d - 25. What is l(j)?
5
Suppose 0 = 3*i + 21 + 3. Let h(g) = g**3 + 8*g**2 - 1. Give h(i).
-1
Let g(v) be the second derivative of 1/12*v**4 - 4/3*v**3 + 2*v - 6 + 7/2*v**2. Let a = 3 + 2. Give g(a).
-8
Let b(g) = g**3 - 4*g**2 + g - 2. Let n be ((-3)/(30/16))/(12/(-30)). Determine b(n).
2
Let p(h) be the first derivative of 4*h**2 + 1/3*h**3 + 3 + 8*h. Let v be 9/(-6)*(-28)/(-6). Determine p(v).
1
Let h(b) = -3*b**2 - 20*b + 13. Let z be h(-9). Let c = 59 + z. Let a(f) = f - 12. What is a(c)?
-3
Suppose 0 = 3*j + a - 47 - 55, 0 = 5*j + 4*a - 170. Let i = j - 36. Let s(d) = d - 2 + 2. Give s(i).
-2
Let t(u) = -9*u. Let p be ((-56)/2 - 1)/(-4 + 5). Let j = p + 28. What is t(j)?
9
Let i(h) = -h. Let a(j) = 3*j - 1. Let f(x) = 12*x - 3. Let s(d) = -26*a(d) + 6*f(d). Let v(g) = -4*i(g) + s(g). Give v(6).
-4
Let r(x) be the first derivative of -5/2*x**2 + 5*x - 33. Determine r(4).
-15
Let b = 776 - 782. Let c(f) = f**3 + 6*f**2 - 6*f + 3. Determine c(b).
39
Let p(b) = b + 11. Let y be p(-11). Suppose 0 = -n - 3*x + 3 + 9, -n = -3*x + 6. Let q = y + n. Let c(o) = o**3 - 3*o**2 - 2*o + 1. Calculate c(q).
-5
Let w(l) = 3*l**2 - 3*l - 23. Let c(v) = v**2 - v + 2. Let o(d) = 4*c(d) - w(d). Determine o(0).
31
Let m be 8/14 - 217/(-49). Let l(j) = -19*j**2 - 8*j + 20*j**2 - 1 + m*j. Give l(5).
9
Suppose 17*n = 21*n - 116. Let k = n - 29. Let c(l) = -l**3 + l**2 + 12. Calculate c(k).
12
Let u be ((-4)/(-2))/(1 - 0). Let s(j) = 4*j**u - 1 - j - 2*j**3 + 0*j + j**3. Let k be (3/4)/(160/640). What is s(k)?
5
Let a = 0 + 0. Suppose -x - 3*r - 7 = 0, 3*x + r + 2 - 5 = 0. Let y(h) = x + 37*h + 4 - 36*h. Give y(a).
6
Let w = -15 - -10. Let k(m) = -m**2 - 13*m - 54. Let q(n) = -n**2 - 11*n - 37. Let r(i) = -2*k(i) + 3*q(i). What is r(w)?
7
Let s(g) = -g**3 - 8*g**2 - 2. Let h(o) = o**3 + 5*o**2 + 2. Let l(m) = 3*h(m) + 2*s(m). Determine l(4).
50
Let d(b) = b**3 + 5*b - 5. Let a be d(2). Let k(i) = -i**3 + 12*i**2 + 11*i + 21. Let v be k(a). Let g(t) = -t**3 - 6*t**2 - 4*t - 3. What is g(v)?
-8
Let w(l) = 5*l**2 + 2*l - 3 - l**3 + 5*l + 7*l - 15*l. What is w(5)?
-8
Let w(g) = -g**3 - 7*g**2 - g + 9. Let j = 83 + -17. Let b = j - 73. What is w(b)?
16
Let r(l) = 2*l + 1999 + 3*l**3 - 4*l**3 - 2009 - 2*l**2 + 11*l**2. Calculate r(9).
8
Let q(d) = -2*d - 3. Let w(n) = -n - 1. Let f be w(4). Let a be q(f). Let g(j) = -j**2 - a + 8 + 4*j - 3*j. Calculate g(-2).
-5
Let i(j) = 16*j + 1. Let s(r) = 68*r + 3. Let k(l) = 9*i(l) - 2*s(l). Give k(-1).
-5
Suppose 4*h = 2*c, -c - h - 12 + 3 = 0. Let l(k) = k**3 + 7*k**2 + 7*k - 5. Let p be l(c). Let o = p - -15. Let t(a) = -a - 2. Calculate t(o).
-6
Let n(f) be the first derivative of -2*f + 1/3*f**3 - 23 - 5/2*f**2. What is n(4)?
-6
Let c(w) be the second derivative of -w**7/420 - w**6/120 - w**5/120 + w**4/24 - w**3/3 + 7*w. Let b(a) be the second derivative of c(a). Give b(-2).
7
Let w(o) = -7*o**3 + 5*o**2 + 6*o - 2. Let p(f) = -2*f**3 + f**2 - f - 1. Let a(l) = 3*p(l) - w(l). Determine a(4).
-5
Let x(s) = -2*s**2 + 5*s + 4. Let y be x(3). Let m(a) = -7*a**3 + 15*a**3 + a**2 + 3*a**3 - a + y + a**3. What is m(1)?
13
Let p(a) = -a**3 - 17*a**2 - 31*a - 11. Let k be p(-15). Let t(i) = i - 1. Let j(s) = -6*s + 4. Let q(f) = 2*j(f) + 11*t(f). What is q(k)?
-7
Let y(f) = -3*f**3 + 3*f**2 + 5*f - 5. Let u be y(1). Let b(d) = -d - 34. What is b(u)?
-34
Let m(h) be the second derivative of -h**5/20 + 5*h**3/6 + 2*h**2 - h - 22. Give m(-3).
16
Let h(b) = -b**3 + 2*b**2 - 6. Let c(k) = -16*k**2 + 191*k + 15. Let p be c(12). What is h(p)?
-15
Let v(g) = -g + 2. Let p(f) = -f**2 - 11*f + 11. Let h(q) = -p(q) + v(q). Determine h(-11).
2
Suppose 0 = 1516*p - 1508*p + 16. Let o(q) be the third derivative of -q**2 + 0 - 1/8*q**4 - 1/2*q**3 - 1/120*q**6 + 0*q - 1/30*q**5. Calculate o(p).
3
Let n(b) = -1 + 4 - b - 6 - 4. Suppose -2*c - 6 = -4. Let f be c - 1/2*8. What is n(f)?
-2
Let a(q) be the first derivative of -q**4/4 + 4*q**3 + 7*q**2 - 8*q + 27. What is a(13)?
5
Let q(n) = -5*n**3 + 4*n**3 + 16 - 18*n**2 - 6*n**2 + 12*n + 9*n**2 + 2*n**3. Give q(14).
-12
Let o(i) = i**2 + 2*i - 20. Let k be o(3). Let p(t) = t**2 + 3*t + 2. Give p(k).
12
Let d(i) = i**3 - 3*i**2 + 3*i. Let t(c) = 7*c + 2. Let o be t(0). Calculate d(o).
2
Let j(x) = -x**2 + 5*x + 2. Let q be j(5). Let p(u) = 3*u - u**2 + q*u + 0*u**2 - 3. What is p(5)?
-3
Let t(m) = -m. Let p(n) = 2*n - 13. Let d(x) = p(x) + 3*t(x). Let y be d(-8). Let v(i) = -11*i + 1 + 6*i - 4 + 4*i. Determine v(y).
2
Let x be ((-12)/5)/4*-5. Let j(r) = r**2 - 2*r - 3. Let b be j(3). Suppose b*s = 5*c - 3*s - 12, -4*s = x*c - 13. Let h(u) = u**3 - 3*u**2 + u + 1. Give h(c).
4
Let j(c) = -c**3 + 23*c